{"id":35,"date":"2022-09-22T02:28:16","date_gmt":"2022-09-21T23:28:16","guid":{"rendered":"https:\/\/ttkd.org.tr\/?page_id=35"},"modified":"2026-04-21T01:16:28","modified_gmt":"2026-04-20T22:16:28","slug":"ana-sayfa","status":"publish","type":"page","link":"https:\/\/ttkd.org.tr\/seo\/","title":{"rendered":"TTKD"},"content":{"rendered":"<h4 style=\"text-align: center !important\">Neden TTKD Arama Motoru?<\/h4>\n<p style=\"text-align: center !important; font-size: 16px !important; font-family: Verdana !important; color: #333 !important;\">\u2713 Reklams\u0131z, G\u00fcvenli &amp; Gizli Arama, <br>   \u2713 T\u00fcrkiye&#039;den 100% T\u00fcrk\u00e7e Sonu\u00e7lar, <br> \u2713 Spam Haber Web Sitelerini ve (.es, .it vb) Filtreler!<\/p>\n<style>\n.gsc-adBlockVertical, .gsc-adBlock { \/* this hides both the top and right ad blocks*\/\n    display:none;\n}\n.gsc-thinWrapper { \/* this gives you use of the whole block, as opposed to 69% google gives*\/\n    width: 100%;\n}\n<\/style>\n<script>\n$(document).ready(function(){function n(){$(\".gsc-adBlock\").hide()}is_expired=0,$(function(){var c=setInterval(n,100);is_expired>0&&clearInterval(c)})});\n$(window).on(\"load\",function(){$(\"#gsc-i-id1\").removeAttr(\"placeholder\"),$(\"#gsc-i-id1\").css(\"background\",\"none\"),$(\"#gsc-i-id1\").on(\"blur\",function(){$(\"#gsc-i-id1\").css(\"background\",\"none\")})});\n\n$(document).ready(function(){$(\"#gsc-i-id1\").attr(\"placeholder\",\"\"),$(\"#gsc-i-id1\").css(\"background-image\",\"none\"),$(\"#gsc-i-id1\").blur(function(){$(\"#gsc-i-id1\").css(\"background-image\",\"none\")})});\n\n$(document).ready(function(){$(\"#gsc-i-id1\").attr(\"placeholder\",\"\"),$(\"#gsc-i-id1\").css(\"background-image\",\"none\"),$(\"#gsc-i-id1\").blur(function(){$(\"#gsc-i-id1\").css(\"background-image\",\"none\")})});\n<\/script>\n\n<style>\n.gcsc-more-maybe-branding-root { display: none !important; }\ntable td {border: 0px !important;}\n.gsc-results{background-color:#D1E4DD;width:auto}\n.gcsc-find-more-on-google {display: none !important; }\n#adBlock {display: none !important; }\n#ssrad-master, .parent_container, .i_ div si135, #e1, #e2, #e3, #e4, {\ndisplay: none !important;\n}\n<\/style>\n<h4 style=\"text-align: center !important\"> Aramay\u0131 Hemen Dene.. \ud83d\udd0d <\/h4>\n<p lang=\"en\" style=\"text-align: center !important\">Ofisimizde ve \u00e7al\u0131\u015fma alan\u0131m\u0131zda kulland\u0131\u011f\u0131m\u0131z mutfak dolap aksesuarlar\u0131, organizerlar ve \u00f6zel tasar\u0131m davlumbazlar, zanaatk\u00e2rl\u0131\u011f\u0131na g\u00fcvendi\u011fimiz <strong><a href=\"https:\/\/www.kcadepot.com\/\">https:\/\/www.kcadepot.com\/<\/a><\/strong> taraf\u0131ndan tedarik edilmektedir.<\/p>\n<script async src=\"https:\/\/cse.google.com\/cse.js?cx=b5fd74f0da75f453c\">\n<\/script>\n<div class=\"gcse-search\"><\/div>\n\n\n\n<div class=\"wp-block-columns alignwide are-vertically-aligned-top is-not-stacked-on-mobile wp-block-column is-vertically-aligned-top has-background is-layout-flex wp-container-core-columns-is-layout-9d6595d7 wp-block-columns-is-layout-flex\">\n<div class=\"wp-block-column is-vertically-aligned-top has-background is-layout-flow wp-block-column-is-layout-flow\">\n<h3 class=\"wp-block-heading has-text-color\" style=\"color:#444444;font-size:24px\"><strong>Search Engine Roundtable<\/strong><\/h3>\n\n\n<ul class=\"wp-block-rss\"><li class='wp-block-rss__item'><div class='wp-block-rss__item-title'><a href='https:\/\/www.seroundtable.com\/recap-04-20-2026-41185.html'>Daily Search Forum Recap: April 20, 2026<\/a><\/div><\/li><li class='wp-block-rss__item'><div class='wp-block-rss__item-title'><a href='https:\/\/www.seroundtable.com\/google-opening-search-results-in-new-window-41184.html'>Google Search Tests Opening Search Results In New Window<\/a><\/div><\/li><li class='wp-block-rss__item'><div class='wp-block-rss__item-title'><a href='https:\/\/www.seroundtable.com\/google-local-video-ads-41183.html'>Google Local Search Ads With Videos Ads<\/a><\/div><\/li><li class='wp-block-rss__item'><div class='wp-block-rss__item-title'><a href='https:\/\/www.seroundtable.com\/one-letter-domain-difference-google-41182.html'>Can Google Handle Domains With One Letter Difference? Usually<\/a><\/div><\/li><li class='wp-block-rss__item'><div class='wp-block-rss__item-title'><a href='https:\/\/www.seroundtable.com\/example-of-possible-competitor-targeting-in-chatgpt-ads-41181.html'>Better Competitor Targeting In ChatGPT Ads?<\/a><\/div><\/li><li class='wp-block-rss__item'><div class='wp-block-rss__item-title'><a href='https:\/\/www.seroundtable.com\/microsoft-indexnow-support-internet-archive-41180.html'>Microsoft Bing Offers IndexNow Support To The Internet Archive<\/a><\/div><\/li><\/ul><\/div>\n\n\n\n<div class=\"wp-block-column is-vertically-aligned-top has-background is-layout-flow wp-block-column-is-layout-flow\">\n<h3 class=\"wp-block-heading has-text-color\" style=\"color:#444444;font-size:24px\"><strong>Search Engine Land<\/strong><\/h3>\n\n\n<div class=\"components-placeholder\"><div class=\"notice notice-error\"><strong>RSS sorunu:<\/strong> WP HTTP Hatas\u0131: kesinlikle bir adres belirtilmemi\u015f.<\/div><\/div><\/div>\n<\/div>\n\n\n\n<div class=\"wp-block-columns alignfull has-text-color has-background is-layout-flex wp-container-core-columns-is-layout-9d6595d7 wp-block-columns-is-layout-flex\" style=\"color:#000000;background-color:#deb887\">\n<div class=\"wp-block-column is-layout-flow wp-block-column-is-layout-flow\">\n<h3 class=\"wp-block-heading seocu has-text-color\" style=\"color:#444444;font-size:24px;line-height:1.3\"><strong>Semrush<\/strong><\/h3>\n\n\n<ul class=\"wp-block-rss\"><li class='wp-block-rss__item'><div class='wp-block-rss__item-title'><a href='https:\/\/www.semrush.com\/blog\/brand-mentions\/'>Brand Mentions: Complete Guide to Tracking, Measuring &amp; Optimizing<\/a><\/div><\/li><li class='wp-block-rss__item'><div class='wp-block-rss__item-title'><a href='https:\/\/www.semrush.com\/blog\/seo-checklist\/'>SEO checklist: 43 tips to optimize your website<\/a><\/div><\/li><li class='wp-block-rss__item'><div class='wp-block-rss__item-title'><a href='https:\/\/www.semrush.com\/blog\/answer-engine-optimization\/'>What Is Answer Engine Optimization? And How to Do It<\/a><\/div><\/li><li class='wp-block-rss__item'><div class='wp-block-rss__item-title'><a href='https:\/\/www.semrush.com\/blog\/generative-engine-optimization\/'>Generative Engine Optimization: A Practical Guide<\/a><\/div><\/li><li class='wp-block-rss__item'><div class='wp-block-rss__item-title'><a href='https:\/\/www.semrush.com\/blog\/website-audit\/'>How to do a website audit in 2026 (+ free tracker)<\/a><\/div><\/li><\/ul><\/div>\n\n\n\n<div class=\"wp-block-column is-layout-flow wp-block-column-is-layout-flow\">\n<h3 class=\"wp-block-heading seocu has-text-color\" style=\"color:#444444;font-size:24px;line-height:1.3\"><strong>Backlinko<\/strong><\/h3>\n\n\n<ul class=\"wp-block-rss\"><li class='wp-block-rss__item'><div class='wp-block-rss__item-title'><a href='https:\/\/backlinko.com\/agentic-search'>What Is Agentic Search? (And Why SEOs Need to Pay Attention)<\/a><\/div><\/li><li class='wp-block-rss__item'><div class='wp-block-rss__item-title'><a href='https:\/\/backlinko.com\/agentic-ai-protocols'>The 6 Agentic AI Protocols Every SEO Needs to Know<\/a><\/div><\/li><li class='wp-block-rss__item'><div class='wp-block-rss__item-title'><a href='https:\/\/backlinko.com\/marketing-automation-stats'>15 Temel Pazarlama Otomasyonu \u0130statistikleri<\/a><\/div><\/li><li class='wp-block-rss__item'><div class='wp-block-rss__item-title'><a href='https:\/\/backlinko.com\/fintech-ai'>Fintech in AI Search: How to Be the Trusted &amp; Featured Brand<\/a><\/div><\/li><li class='wp-block-rss__item'><div class='wp-block-rss__item-title'><a href='https:\/\/backlinko.com\/product-page-ai'>How to Optimize Your Product Pages for AI Visibility<\/a><\/div><\/li><\/ul><\/div>\n\n\n\n<div class=\"wp-block-column is-layout-flow wp-block-column-is-layout-flow\">\n<h3 class=\"wp-block-heading seocu has-text-color\" style=\"color:#444444;font-size:24px;line-height:1.3\"><strong>Search Engine Journal<\/strong><\/h3>\n\n\n<ul class=\"wp-block-rss\"><li class='wp-block-rss__item'><div class='wp-block-rss__item-title'><a href='https:\/\/www.searchenginejournal.com\/google-adds-new-tasked-based-search-features\/572547\/'>Google Adds New Tasked-Based Search Features<\/a><\/div><\/li><li class='wp-block-rss__item'><div class='wp-block-rss__item-title'><a href='https:\/\/www.searchenginejournal.com\/google-may-have-to-share-search-data-with-rivals\/572434\/'>Google May Have To Share Search Data With Rivals<\/a><\/div><\/li><li class='wp-block-rss__item'><div class='wp-block-rss__item-title'><a href='https:\/\/www.searchenginejournal.com\/google-lists-best-practices-for-read-more-deep-links\/572423\/'>Google Lists Best Practices For Read More Deep Links<\/a><\/div><\/li><li class='wp-block-rss__item'><div class='wp-block-rss__item-title'><a href='https:\/\/www.searchenginejournal.com\/what-search-engines-trust-now-authority-freshness-first-party-signals\/570553\/'>What Search Engines Trust Now: Authority, Freshness &amp; First-Party Signals<\/a><\/div><\/li><li class='wp-block-rss__item'><div class='wp-block-rss__item-title'><a href='https:\/\/www.searchenginejournal.com\/68-million-ai-crawler-visits-show-what-drives-ai-search-visibility\/572386\/'>68 Million AI Crawler Visits Show What Drives AI Search Visibility<\/a><\/div><\/li><\/ul><\/div>\n<\/div>\n\n\n\n<div class=\"wp-block-columns alignwide are-vertically-aligned-top wp-block-column is-vertically-aligned-top has-background is-layout-flex wp-container-core-columns-is-layout-9d6595d7 wp-block-columns-is-layout-flex\">\n<div class=\"wp-block-column is-vertically-aligned-top has-background is-layout-flow wp-block-column-is-layout-flow\">\n<h3 class=\"wp-block-heading seocu has-text-color\" style=\"color:#444444;font-size:24px\"><strong>Ahrefs<\/strong><\/h3>\n\n\n<ul class=\"wp-block-rss\"><li class='wp-block-rss__item'><div class='wp-block-rss__item-title'><a href='https:\/\/ahrefs.com\/blog\/why-chatgpt-cites-pages\/'>Why ChatGPT Cites One Page Over Another (Study of 1.4M Prompts)<\/a><\/div><\/li><li class='wp-block-rss__item'><div class='wp-block-rss__item-title'><a href='https:\/\/ahrefs.com\/blog\/google-web-guide\/'>Google Web Guide: What It Is, How It Works, and What It Means for SEO<\/a><\/div><\/li><li class='wp-block-rss__item'><div class='wp-block-rss__item-title'><a href='https:\/\/ahrefs.com\/blog\/what-ai-writing-tools-get-wrong-and-the-stack-i-use\/'>What AI Writing Tools Get Wrong (And The Stack I Use Instead)<\/a><\/div><\/li><li class='wp-block-rss__item'><div class='wp-block-rss__item-title'><a href='https:\/\/ahrefs.com\/blog\/ai-content-is-not-bad-for-seo\/'>Is AI Content Bad for SEO? No, and It Never Will Be (7 Reasons)<\/a><\/div><\/li><li class='wp-block-rss__item'><div class='wp-block-rss__item-title'><a href='https:\/\/ahrefs.com\/blog\/marketing-conferences\/'>15 Marketing Conferences to Attend in 2026<\/a><\/div><\/li><li class='wp-block-rss__item'><div class='wp-block-rss__item-title'><a href='https:\/\/ahrefs.com\/blog\/digital-marketing-conferences\/'>14 Digital Marketing Conferences to Attend in 2026<\/a><\/div><\/li><\/ul><\/div>\n\n\n\n<div class=\"wp-block-column is-vertically-aligned-top has-background is-layout-flow wp-block-column-is-layout-flow\">\n<h3 class=\"wp-block-heading seocu has-text-color\" style=\"color:#444444;font-size:24px\"><strong>Ayhan Karaman<\/strong><\/h3>\n\n\n<ul class=\"wp-block-rss\"><li class='wp-block-rss__item'><div class='wp-block-rss__item-title'><a href='https:\/\/www.ayhankaraman.com\/regex\/'>RegEx&#039;i Ke\u015ffedin: Search Console \u00dczerinden Profesyonel Kullan\u0131m!<\/a><\/div><\/li><li class='wp-block-rss__item'><div class='wp-block-rss__item-title'><a href='https:\/\/www.ayhankaraman.com\/kolay-seo-stratejileri\/'>An\u0131nda Etki G\u00f6steren 7 Kolay SEO Stratejileri<\/a><\/div><\/li><li class='wp-block-rss__item'><div class='wp-block-rss__item-title'><a href='https:\/\/www.ayhankaraman.com\/chatgpt-search-analytics\/'>ChatGPT ile Arama Analiti\u011fi Yolculu\u011fu<\/a><\/div><\/li><li class='wp-block-rss__item'><div class='wp-block-rss__item-title'><a href='https:\/\/www.ayhankaraman.com\/konusal-otorite\/'>Konusal Otorite: Sahiplenin, Uzmanla\u015fman\u0131n ve Ba\u015far\u0131n!<\/a><\/div><\/li><li class='wp-block-rss__item'><div class='wp-block-rss__item-title'><a href='https:\/\/www.ayhankaraman.com\/google-mart-2024-cekirdek-guncellemesi\/'>Google Mart 2024 \u00c7ekirdek G\u00fcncellemesi: De\u011fersiz \u0130\u00e7eri\u011fe Darbe<\/a><\/div><\/li><li class='wp-block-rss__item'><div class='wp-block-rss__item-title'><a href='https:\/\/www.ayhankaraman.com\/seo-trendleri\/'>SEO&#039;nun Gelece\u011fi: 2024 SEO Trendleri<\/a><\/div><\/li><\/ul><\/div>\n\n\n\n<div class=\"wp-block-column is-vertically-aligned-top has-background is-layout-flow wp-block-column-is-layout-flow\">\n<h3 class=\"wp-block-heading seocu has-text-color\" style=\"color:#444444;font-size:24px\"><strong>Volkanca<\/strong><\/h3>\n\n\n<ul class=\"wp-block-rss\"><li class='wp-block-rss__item'><div class='wp-block-rss__item-title'><a href='https:\/\/wolkanca.com\/ai-caginda-markan-nasil-gorunur-olur-%F0%9F%9A%80\/'>AI \u00c7a\u011f\u0131nda Markan Nas\u0131l G\u00f6r\u00fcn\u00fcr Olur? \ud83d\ude80<\/a><\/div><\/li><li class='wp-block-rss__item'><div class='wp-block-rss__item-title'><a href='https:\/\/wolkanca.com\/workexe-hepsi-bir-arada-seo-yonetim-platformuna-yakindan-bakis\/'>Workexe, Hepsi Bir Arada SEO Y\u00f6netim Platformuna Yak\u0131ndan Bak\u0131\u015f<\/a><\/div><\/li><li class='wp-block-rss__item'><div class='wp-block-rss__item-title'><a href='https:\/\/wolkanca.com\/icerik-pazarlamasinda-seo-uzmanlarinin-rolu\/'>\u0130\u00e7erik Pazarlamas\u0131nda SEO Uzmanlar\u0131n\u0131n Rol\u00fc<\/a><\/div><\/li><li class='wp-block-rss__item'><div class='wp-block-rss__item-title'><a href='https:\/\/wolkanca.com\/gercek-youtube-seo\/'>Ger\u00e7ek Youtube SEO<\/a><\/div><\/li><li class='wp-block-rss__item'><div class='wp-block-rss__item-title'><a href='https:\/\/wolkanca.com\/cloudflare-redirect-rules-kullanimi\/'>Cloudflare Y\u00f6nlendirme Kurallar\u0131n\u0131n kullan\u0131m\u0131<\/a><\/div><\/li><li class='wp-block-rss__item'><div class='wp-block-rss__item-title'><a href='https:\/\/wolkanca.com\/seo-ve-geo\/'>SEO ve GEO<\/a><\/div><\/li><\/ul><\/div>\n<\/div>\n\n\n\n<div class=\"wp-block-columns alignfull has-text-color has-background is-layout-flex wp-container-core-columns-is-layout-9d6595d7 wp-block-columns-is-layout-flex\" style=\"color:#000000;background-color:#deb887\">\n<div class=\"wp-block-column is-vertically-aligned-center bence is-layout-flow wp-block-column-is-layout-flow\">\n<h3 class=\"wp-block-heading has-text-align-center has-text-color\" style=\"color:#444444;font-size:24px;line-height:1.3\"><strong>SEOKAOS<\/strong><\/h3>\n\n\n<div class=\"components-placeholder\"><div class=\"notice notice-error\"><strong>RSS sorunu:<\/strong> https:\/\/www.seokaos.com\/feed\/ is invalid XML, likely due to invalid characters. XML error: Mismatched tag at line 2, column 17222<\/div><\/div><\/div>\n<\/div>\n\n\n\n<div class=\"wp-block-columns alignwide is-style-twentytwentyone-columns-overlap is-layout-flex wp-container-core-columns-is-layout-9d6595d7 wp-block-columns-is-layout-flex\">\n<div class=\"wp-block-column is-layout-flow wp-block-column-is-layout-flow\">\n<figure class=\"wp-block-image size-full\"><img decoding=\"async\" src=\"https:\/\/ttkd.org.tr\/wp-content\/themes\/twentytwentyone\/assets\/images\/the-garden-at-bougival-1884.jpg\" alt=\"\u201cBougival'daki bah\u00e7e\u201d, Berthe Morisot\"\/><\/figure>\n<\/div>\n\n\n\n<div class=\"wp-block-column is-vertically-aligned-bottom is-layout-flow wp-block-column-is-layout-flow\">\n<div class=\"wp-block-group is-style-twentytwentyone-border has-green-background-color has-background\"><div class=\"wp-block-group__inner-container is-layout-flow wp-block-group-is-layout-flow\">\n<p class=\"has-extra-large-font-size\" style=\"line-height:1.4\">Berthe-Morisot taraf\u0131ndan Paris&#039;te 1800&#039;lerde resmedilmi\u015f harikulade bah\u00e7eler\u2026<\/p>\n\n\n\n<figure class=\"wp-block-audio\"><audio controls src=\"https:\/\/ttkd.org.tr\/wp-content\/uploads\/2022\/10\/ttkd-org-tr_classical.mp3\"><\/audio><\/figure>\n<\/div><\/div>\n<\/div>\n\n\n\n<div class=\"wp-block-column is-layout-flow wp-block-column-is-layout-flow\">\n<figure class=\"wp-block-image size-full\"><img decoding=\"async\" src=\"https:\/\/ttkd.org.tr\/wp-content\/themes\/twentytwentyone\/assets\/images\/villa-with-orange-trees-nice.jpg\" alt=\"\u201cPortakal a\u011fa\u00e7lar\u0131 ile villa, Nice\u201d, Berthe Morisot\"\/><\/figure>\n<\/div>\n<\/div>\n\n\n\n<div class=\"wp-block-media-text alignwide is-stacked-on-mobile\"><figure class=\"wp-block-media-text__media\"><img decoding=\"async\" src=\"https:\/\/ttkd.org.tr\/wp-content\/themes\/twentytwentyone\/assets\/images\/Daffodils.jpg\" alt=\"\u201cNergis\u201d, Berthe Morisot\" class=\"wp-image-1747 size-full\"\/><\/figure><div class=\"wp-block-media-text__content\"><div class=\"wp-block-image is-resized is-style-twentytwentyone-image-frame\">\n<figure class=\"aligncenter size-large\"><img decoding=\"async\" src=\"https:\/\/ttkd.org.tr\/wp-content\/themes\/twentytwentyone\/assets\/images\/self-portrait-1885.jpg\" alt=\"\u201cKendi portresi\u201d, Berthe Morisot\"\/><\/figure>\n<\/div><\/div><\/div>","protected":false},"excerpt":{"rendered":"<p>Neden TTKD Arama Motoru? \u2713 Reklams\u0131z, G\u00fcvenli &#038; Gizli Arama, \u2713 T\u00fcrkiye&#8217;den 100% T\u00fcrk\u00e7e Sonu\u00e7lar, \u2713 Spam Haber Web Sitelerinini ve (.es, .it etc) Filtreler! Aramay\u0131 Hemen Dene.. \ud83d\udd0d Ofisimizde ve \u00e7al\u0131\u015fma alan\u0131m\u0131zda kulland\u0131\u011f\u0131m\u0131z mutfak dolap aksesuarlar\u0131, organizerlar ve \u00f6zel tasar\u0131m davlumbazlar, zanaatk\u00e2rl\u0131\u011f\u0131na g\u00fcvendi\u011fimiz https:\/\/www.kcadepot.com\/ taraf\u0131ndan tedarik edilmektedir. Search Engine Roundtable Search Engine Land Semrush&hellip; <a class=\"more-link\" href=\"https:\/\/ttkd.org.tr\/seo\/\">Okumaya devam et <span class=\"screen-reader-text\">TTKD<\/span><\/a><\/p>","protected":false},"author":1,"featured_media":0,"parent":0,"menu_order":0,"comment_status":"closed","ping_status":"closed","template":"","meta":{"footnotes":""},"class_list":["post-35","page","type-page","status-publish","hentry","entry"],"_links":{"self":[{"href":"https:\/\/ttkd.org.tr\/seo\/wp-json\/wp\/v2\/pages\/35","targetHints":{"allow":["GET"]}}],"collection":[{"href":"https:\/\/ttkd.org.tr\/seo\/wp-json\/wp\/v2\/pages"}],"about":[{"href":"https:\/\/ttkd.org.tr\/seo\/wp-json\/wp\/v2\/types\/page"}],"author":[{"embeddable":true,"href":"https:\/\/ttkd.org.tr\/seo\/wp-json\/wp\/v2\/users\/1"}],"replies":[{"embeddable":true,"href":"https:\/\/ttkd.org.tr\/seo\/wp-json\/wp\/v2\/comments?post=35"}],"version-history":[{"count":3,"href":"https:\/\/ttkd.org.tr\/seo\/wp-json\/wp\/v2\/pages\/35\/revisions"}],"predecessor-version":[{"id":477,"href":"https:\/\/ttkd.org.tr\/seo\/wp-json\/wp\/v2\/pages\/35\/revisions\/477"}],"wp:attachment":[{"href":"https:\/\/ttkd.org.tr\/seo\/wp-json\/wp\/v2\/media?parent=35"}],"curies":[{"name":"wp","href":"https:\/\/api.w.org\/{rel}","templated":true}]}}